{"id":7638,"date":"2024-07-30T09:18:08","date_gmt":"2024-07-30T13:18:08","guid":{"rendered":"https:\/\/cubiertasmyc.cl\/sitio\/?page_id=7638"},"modified":"2024-09-25T09:12:35","modified_gmt":"2024-09-25T12:12:35","slug":"zona-de-instalacion","status":"publish","type":"page","link":"https:\/\/cubiertasmyc.cl\/sitio\/zona-de-instalacion\/","title":{"rendered":"Zona de Instalaci\u00f3n"},"content":{"rendered":"<div class=\"wpb-content-wrapper\"><p>[vc_row full_width=\u00bbstretch_row\u00bb overlay_background=\u00bboverlay_custom_background\u00bb overlay_opacity=\u00bb40&#8243; lg_spacing=\u00bbpadding_top:150;padding_bottom:150&#8243; background_image=\u00bb7661&#8243; sm_spacing=\u00bbpadding_top:200;padding_bottom:160&#8243; xs_spacing=\u00bbpadding_top:150;padding_bottom:110&#8243;][vc_column][tm_heading custom_google_font=\u00bb\u00bb font_weight=\u00bb500&#8243; align=\u00bbcenter\u00bb text_color=\u00bbcustom\u00bb custom_text_color=\u00bb#ffffff\u00bb text=\u00bbZona de Instalaci\u00f3n\u00bb font_size=\u00bbsm:36;md:48;lg:60&#8243; line_height=\u00bb1.3&#8243;][tm_spacer size=\u00bblg:10&#8243;][tm_heading tag=\u00bbh6&#8243; custom_google_font=\u00bb\u00bb font_weight=\u00bb500&#8243; align=\u00bbcenter\u00bb text_color=\u00bbcustom\u00bb custom_text_color=\u00bb#ffffff\u00bb text=\u00bbCubiertas MyC\u00bb font_size=\u00bblg:20&#8243;][tm_spacer size=\u00bblg:20&#8243;][\/vc_column][\/vc_row][vc_row][vc_column][tm_spacer size=\u00bbxs:30;sm:30;md:30;lg:50&#8243;][\/vc_column][\/vc_row][vc_row full_width=\u00bbstretch_row\u00bb][vc_column width=\u00bb2\/3&#8243;][tm_heading custom_google_font=\u00bb\u00bb font_weight=\u00bb700&#8243; align=\u00bbcenter\u00bb text_color=\u00bbcustom\u00bb custom_text_color=\u00bb#3b5258&#8243; text=\u00bbZona de Instalaci\u00f3n\u00bb][tm_spacer size=\u00bblg:20&#8243;][vc_single_image image=\u00bb7659&#8243; img_size=\u00bbfull\u00bb alignment=\u00bbcenter\u00bb][vc_column_text]Ahora todo lo que necesitas en Cubiertas MyC integrando a su zona de instalaci\u00f3n m\u00e1s variedad de producto complementarios. Tornillos Hexagonales autoperforantes con Golilla de Neopreno para la fijaci\u00f3n de planchas de zincalum en estructuras de metal o madera para su techumbre, galp\u00f3n o bodegas, ideal para concretar su proyecto.<\/p>\n<h3>TIPOS DE TORNILLOS AUTOPERFORANTES<\/h3>\n<ul>\n<li>Punta espada o plana.<\/li>\n<li>Medidas Disponibles: 1 \u00bd \u2013 2 \u2013 2 \u00bd pulgadas.<\/li>\n<li>Formato de 100und por bolsa<\/li>\n<li>Material: Acero inoxidable<\/li>\n<\/ul>\n<p>&nbsp;<\/p>\n<p><img loading=\"lazy\" decoding=\"async\" class=\"alignleft size-full wp-image-7641 lazyload\" data-src=\"https:\/\/cubiertasmyc.cl\/sitio\/wp-content\/uploads\/2024\/07\/Sellador_acrilico_150x150.png.webp\" alt=\"\" width=\"150\" height=\"150\" src=\"data:image\/gif;base64,R0lGODlhAQABAAAAACH5BAEKAAEALAAAAAABAAEAAAICTAEAOw==\" style=\"--smush-placeholder-width: 150px; --smush-placeholder-aspect-ratio: 150\/150;\" \/><noscript><img loading=\"lazy\" decoding=\"async\" class=\"alignleft size-full wp-image-7641\" src=\"https:\/\/cubiertasmyc.cl\/sitio\/wp-content\/uploads\/2024\/07\/Sellador_acrilico_150x150.png.webp\" alt=\"\" width=\"150\" height=\"150\" \/><\/noscript><img loading=\"lazy\" decoding=\"async\" class=\"alignleft size-full wp-image-7642 lazyload\" data-src=\"https:\/\/cubiertasmyc.cl\/sitio\/wp-content\/uploads\/2024\/07\/Tijera_hojalateria_150x150.png.webp\" alt=\"\" width=\"150\" height=\"150\" src=\"data:image\/gif;base64,R0lGODlhAQABAAAAACH5BAEKAAEALAAAAAABAAEAAAICTAEAOw==\" style=\"--smush-placeholder-width: 150px; --smush-placeholder-aspect-ratio: 150\/150;\" \/><noscript><img loading=\"lazy\" decoding=\"async\" class=\"alignleft size-full wp-image-7642\" src=\"https:\/\/cubiertasmyc.cl\/sitio\/wp-content\/uploads\/2024\/07\/Tijera_hojalateria_150x150.png.webp\" alt=\"\" width=\"150\" height=\"150\" \/><\/noscript>[\/vc_column_text][tm_spacer size=\u00bblg:20&#8243;][\/vc_column][vc_column width=\u00bb1\/3&#8243;][tm_spacer size=\u00bblg:20&#8243;][tm_spacer size=\u00bblg:20&#8243;][vc_tta_accordion active_section=\u00bb1&#8243;][vc_tta_section title=\u00bbTornillos Autoperforantes Hexagonales\u00bb tab_id=\u00bb1721225437536-7df4d4a9-56d1&#8243;][vc_column_text]<img loading=\"lazy\" decoding=\"async\" class=\"size-full wp-image-7644 aligncenter lazyload\" data-src=\"https:\/\/cubiertasmyc.cl\/sitio\/wp-content\/uploads\/2024\/07\/tornillo_para_madera_150x150.png.webp\" alt=\"\" width=\"150\" height=\"150\" src=\"data:image\/gif;base64,R0lGODlhAQABAAAAACH5BAEKAAEALAAAAAABAAEAAAICTAEAOw==\" style=\"--smush-placeholder-width: 150px; --smush-placeholder-aspect-ratio: 150\/150;\" \/><noscript><img loading=\"lazy\" decoding=\"async\" class=\"size-full wp-image-7644 aligncenter lazyload\" data-src=\"https:\/\/cubiertasmyc.cl\/sitio\/wp-content\/uploads\/2024\/07\/tornillo_para_madera_150x150.png.webp\" alt=\"\" width=\"150\" height=\"150\" src=\"data:image\/gif;base64,R0lGODlhAQABAAAAACH5BAEKAAEALAAAAAABAAEAAAICTAEAOw==\" style=\"--smush-placeholder-width: 150px; --smush-placeholder-aspect-ratio: 150\/150;\" \/><noscript><img loading=\"lazy\" decoding=\"async\" class=\"size-full wp-image-7644 aligncenter\" src=\"https:\/\/cubiertasmyc.cl\/sitio\/wp-content\/uploads\/2024\/07\/tornillo_para_madera_150x150.png.webp\" alt=\"\" width=\"150\" height=\"150\" \/><\/noscript><\/noscript><\/p>\n<p style=\"text-align: center;\"><strong>Fijaci\u00f3n para Madera<\/strong><\/p>\n<hr \/>\n<p style=\"text-align: center;\"><img loading=\"lazy\" decoding=\"async\" class=\"size-full wp-image-7644 aligncenter lazyload\" data-src=\"https:\/\/cubiertasmyc.cl\/sitio\/wp-content\/uploads\/2024\/07\/tornillo_para_madera_150x150.png.webp\" alt=\"\" width=\"150\" height=\"150\" src=\"data:image\/gif;base64,R0lGODlhAQABAAAAACH5BAEKAAEALAAAAAABAAEAAAICTAEAOw==\" style=\"--smush-placeholder-width: 150px; --smush-placeholder-aspect-ratio: 150\/150;\" \/><noscript><img loading=\"lazy\" decoding=\"async\" class=\"size-full wp-image-7644 aligncenter lazyload\" data-src=\"https:\/\/cubiertasmyc.cl\/sitio\/wp-content\/uploads\/2024\/07\/tornillo_para_madera_150x150.png.webp\" alt=\"\" width=\"150\" height=\"150\" src=\"data:image\/gif;base64,R0lGODlhAQABAAAAACH5BAEKAAEALAAAAAABAAEAAAICTAEAOw==\" style=\"--smush-placeholder-width: 150px; --smush-placeholder-aspect-ratio: 150\/150;\" \/><noscript><img loading=\"lazy\" decoding=\"async\" class=\"size-full wp-image-7644 aligncenter\" src=\"https:\/\/cubiertasmyc.cl\/sitio\/wp-content\/uploads\/2024\/07\/tornillo_para_madera_150x150.png.webp\" alt=\"\" width=\"150\" height=\"150\" \/><\/noscript><\/noscript><br \/>\n<strong>Fijaci\u00f3n para Metal<\/strong><\/p>\n<p>[\/vc_column_text][\/vc_tta_section][vc_tta_section title=\u00bbMedidas\u00bb tab_id=\u00bb1722346141329-f7be526b-342d\u00bb][vc_single_image image=\u00bb7649&#8243; img_size=\u00bbfull\u00bb alignment=\u00bbcenter\u00bb][\/vc_tta_section][vc_tta_section title=\u00bbSellador Acr\u00edlico\u00bb tab_id=\u00bb1722346229426-5decb868-85c0&#8243;][vc_single_image image=\u00bb7641&#8243; img_size=\u00bbfull\u00bb][\/vc_tta_section][vc_tta_section title=\u00bbGrapadora\u00bb tab_id=\u00bb1722346365397-4a53d7ab-6e02&#8243;][vc_single_image image=\u00bb7652&#8243; img_size=\u00bbfull\u00bb][\/vc_tta_section][vc_tta_section title=\u00bbTijera Hojalater\u00eda\u00bb tab_id=\u00bb1722346454846-aa1f7e21-9ee9&#8243;][vc_single_image image=\u00bb7655&#8243; img_size=\u00bbfull\u00bb][\/vc_tta_section][vc_tta_section title=\u00bbEspuma Expansiva\u00bb tab_id=\u00bb1722346514321-8d89209f-709c\u00bb][vc_single_image image=\u00bb7657&#8243; img_size=\u00bbfull\u00bb][\/vc_tta_section][\/vc_tta_accordion][tm_spacer size=\u00bblg:20&#8243;][vc_separator][tm_spacer size=\u00bblg:20&#8243;][vc_row_inner][vc_column_inner width=\u00bb1\/2&#8243;][tm_button size=\u00bbxs\u00bb button=\u00bburl:https%3A%2F%2Fapi.whatsapp.com%2Fsend%3Fphone%3D56945629841|title:Contactar|target:_blank\u00bb icon_type=\u00bbfontawesome\u00bb icon_fontawesome=\u00bbfab fa-whatsapp\u00bb][tm_spacer size=\u00bblg:20&#8243;][\/vc_column_inner][vc_column_inner width=\u00bb1\/2&#8243;][\/vc_column_inner][\/vc_row_inner][tm_spacer size=\u00bblg:20&#8243;][tm_button size=\u00bbxs\u00bb button=\u00bburl:https%3A%2F%2Fcubiertasmyc.cl%2Fsitio%2Fproductos%2F|title:Volver%20a%20Productos\u00bb icon_type=\u00bbfontawesome\u00bb icon_fontawesome=\u00bbfas fa-angle-double-right\u00bb][tm_spacer size=\u00bblg:20&#8243;][\/vc_column][\/vc_row][vc_row][vc_column][tm_spacer size=\u00bblg:80&#8243;][vc_column_text]<\/p>\n<h4 style=\"text-align: center;\"><strong>PRODUCTOS RELACIONADOS:<\/strong><\/h4>\n<p>[\/vc_column_text][tm_spacer size=\u00bblg:47&#8243;][vc_basic_grid post_type=\u00bbids\u00bb style=\u00bbpagination\u00bb items_per_page=\u00bb4&#8243; element_width=\u00bb3&#8243; paging_design=\u00bbsquare_dots\u00bb paging_color=\u00bbgreen\u00bb loop=\u00bbyes\u00bb autoplay=\u00bb5&#8243; item=\u00bb7465&#8243; grid_id=\u00bbvc_gid:1727266333928-66ab3078-cfff-6&#8243; include=\u00bb6886, 6905, 7311, 7290, 7326&#8243;][tm_spacer size=\u00bblg:47&#8243;][\/vc_column][\/vc_row][vc_row full_width=\u00bbstretch_row\u00bb][vc_column][tm_spacer size=\u00bbxs:60;sm:60;md:60;lg:120&#8243;][\/vc_column][\/vc_row][vc_row][vc_column][tm_spacer size=\u00bbxs:40;lg:60&#8243;][\/vc_column][\/vc_row][vc_row full_width=\u00bbstretch_row\u00bb background_color=\u00bbcustom\u00bb custom_background_color=\u00bb#222222&#8243;][vc_column][tm_spacer size=\u00bbxs:30;sm:30;md:30;lg:40&#8243;][\/vc_column][\/vc_row][vc_row full_width=\u00bbstretch_row\u00bb background_color=\u00bbcustom\u00bb custom_background_color=\u00bb#222222&#8243;][vc_column width=\u00bb1\/3&#8243;][vc_single_image image=\u00bb6581&#8243; img_size=\u00bbfull\u00bb][vc_column_text]<span style=\"color: #ffffff;\"><strong>Ruta 160 Km. 19 Coronel<\/strong><\/span><\/p>\n<div id=\"rb_email_widget-4\" class=\"widget right widget_rb_email_widget\"><span style=\"color: #ffffff;\"><a style=\"color: #ffffff;\" href=\"mailto:%20ventascoronel@cubiertasmyc.cl\">ventascoronel@cubiertasmyc.cl<\/a><\/span><\/div>\n<div>\n<div id=\"custom_html-11\" class=\"widget_text widget right widget_custom_html\">\n<div class=\"textwidget custom-html-widget\"><span style=\"color: #ffffff;\"><a style=\"color: #ffffff;\" href=\"tel:41383 9668\"><i class=\"krown-icon-phone-1\"><\/i>Tel\u00e9fono:\u00a0 (41) 383 9668<\/a><\/span><\/div>\n<\/div>\n<div><span style=\"color: #ffffff;\"><a style=\"color: #ffffff;\" href=\"https:\/\/api.whatsapp.com\/send?phone=56945629841\">+56 9 4562 9841<\/a>\u00a0\u00a0<\/span><\/div>\n<\/div>\n<div><\/div>\n<p>[\/vc_column_text][tm_spacer size=\u00bbxs:30;lg:30&#8243;][\/vc_column][vc_column width=\u00bb1\/3&#8243;][vc_column_text]<span style=\"color: #ffffff;\"><strong>Navegaci\u00f3n:<\/strong><\/span>[\/vc_column_text][vc_wp_custommenu nav_menu=\u00bb66&#8243;][tm_spacer size=\u00bbxs:30;lg:30&#8243;][\/vc_column][vc_column width=\u00bb1\/3&#8243;][vc_column_text]<span style=\"color: #ffffff;\"><strong>S\u00edguenos:<\/strong><\/span>[\/vc_column_text][tm_spacer size=\u00bbxs:30;lg:30&#8243;][vc_row_inner][vc_column_inner width=\u00bb2\/3&#8243;][vc_column_text]<a href=\"https:\/\/www.facebook.com\/CUBIERTAMYC\" target=\"_blank\" rel=\"noopener\"><img loading=\"lazy\" decoding=\"async\" class=\"alignleft wp-image-7527 size-full lazyload\" data-src=\"https:\/\/cubiertasmyc.cl\/sitio\/wp-content\/uploads\/2024\/07\/fbok.jpg\" alt=\"\" width=\"33\" height=\"27\" src=\"data:image\/gif;base64,R0lGODlhAQABAAAAACH5BAEKAAEALAAAAAABAAEAAAICTAEAOw==\" style=\"--smush-placeholder-width: 33px; --smush-placeholder-aspect-ratio: 33\/27;\" \/><noscript><img loading=\"lazy\" decoding=\"async\" class=\"alignleft wp-image-7527 size-full\" src=\"https:\/\/cubiertasmyc.cl\/sitio\/wp-content\/uploads\/2024\/07\/fbok.jpg\" alt=\"\" width=\"33\" height=\"27\" \/><\/noscript><\/a><a href=\"https:\/\/www.instagram.com\/cubiertas_myc\/\" target=\"_blank\" rel=\"noopener\"><img loading=\"lazy\" decoding=\"async\" class=\"alignleft wp-image-7528 size-full lazyload\" data-src=\"https:\/\/cubiertasmyc.cl\/sitio\/wp-content\/uploads\/2024\/07\/igok.jpg\" alt=\"\" width=\"33\" height=\"27\" src=\"data:image\/gif;base64,R0lGODlhAQABAAAAACH5BAEKAAEALAAAAAABAAEAAAICTAEAOw==\" style=\"--smush-placeholder-width: 33px; --smush-placeholder-aspect-ratio: 33\/27;\" \/><noscript><img loading=\"lazy\" decoding=\"async\" class=\"alignleft wp-image-7528 size-full\" src=\"https:\/\/cubiertasmyc.cl\/sitio\/wp-content\/uploads\/2024\/07\/igok.jpg\" alt=\"\" width=\"33\" height=\"27\" \/><\/noscript><\/a><a href=\"https:\/\/www.youtube.com\/@CUBIERTASMYC\" target=\"_blank\" rel=\"noopener\"><img loading=\"lazy\" decoding=\"async\" class=\"alignleft wp-image-7529 size-full lazyload\" data-src=\"https:\/\/cubiertasmyc.cl\/sitio\/wp-content\/uploads\/2024\/07\/ytok.jpg\" alt=\"\" width=\"33\" height=\"27\" src=\"data:image\/gif;base64,R0lGODlhAQABAAAAACH5BAEKAAEALAAAAAABAAEAAAICTAEAOw==\" style=\"--smush-placeholder-width: 33px; --smush-placeholder-aspect-ratio: 33\/27;\" \/><noscript><img loading=\"lazy\" decoding=\"async\" class=\"alignleft wp-image-7529 size-full\" src=\"https:\/\/cubiertasmyc.cl\/sitio\/wp-content\/uploads\/2024\/07\/ytok.jpg\" alt=\"\" width=\"33\" height=\"27\" \/><\/noscript><\/a><a href=\"https:\/\/www.tiktok.com\/@cubiertas.myc\" target=\"_blank\" rel=\"noopener\"><img loading=\"lazy\" decoding=\"async\" class=\"alignleft wp-image-7530 size-full lazyload\" data-src=\"https:\/\/cubiertasmyc.cl\/sitio\/wp-content\/uploads\/2024\/07\/ttok.jpg\" alt=\"\" width=\"33\" height=\"27\" src=\"data:image\/gif;base64,R0lGODlhAQABAAAAACH5BAEKAAEALAAAAAABAAEAAAICTAEAOw==\" style=\"--smush-placeholder-width: 33px; --smush-placeholder-aspect-ratio: 33\/27;\" \/><noscript><img loading=\"lazy\" decoding=\"async\" class=\"alignleft wp-image-7530 size-full\" src=\"https:\/\/cubiertasmyc.cl\/sitio\/wp-content\/uploads\/2024\/07\/ttok.jpg\" alt=\"\" width=\"33\" height=\"27\" \/><\/noscript><\/a>[\/vc_column_text][\/vc_column_inner][vc_column_inner width=\u00bb1\/3&#8243;][\/vc_column_inner][\/vc_row_inner][\/vc_column][\/vc_row][vc_row full_width=\u00bbstretch_row\u00bb background_color=\u00bbcustom\u00bb custom_background_color=\u00bb#141414&#8243;][vc_column][tm_spacer size=\u00bbxs:40;sm:40;md:40;lg:40&#8243;][vc_column_text]<\/p>\n<p style=\"text-align: center;\"><span style=\"color: #ffffff;\"><strong>Cubiertas MyC &#8211; 2024<\/strong><\/span><\/p>\n<p>[\/vc_column_text][tm_spacer size=\u00bbxs:40;sm:40;md:40;lg:40&#8243;][\/vc_column][\/vc_row]<\/p>\n<\/div>","protected":false},"excerpt":{"rendered":"Ahora todo lo que necesitas en Cubiertas MyC","protected":false},"author":1,"featured_media":7662,"parent":0,"menu_order":0,"comment_status":"closed","ping_status":"closed","template":"","meta":{"footnotes":""},"class_list":["post-7638","page","type-page","status-publish","hentry"],"aioseo_notices":[],"_links":{"self":[{"href":"https:\/\/cubiertasmyc.cl\/sitio\/wp-json\/wp\/v2\/pages\/7638","targetHints":{"allow":["GET"]}}],"collection":[{"href":"https:\/\/cubiertasmyc.cl\/sitio\/wp-json\/wp\/v2\/pages"}],"about":[{"href":"https:\/\/cubiertasmyc.cl\/sitio\/wp-json\/wp\/v2\/types\/page"}],"author":[{"embeddable":true,"href":"https:\/\/cubiertasmyc.cl\/sitio\/wp-json\/wp\/v2\/users\/1"}],"replies":[{"embeddable":true,"href":"https:\/\/cubiertasmyc.cl\/sitio\/wp-json\/wp\/v2\/comments?post=7638"}],"version-history":[{"count":22,"href":"https:\/\/cubiertasmyc.cl\/sitio\/wp-json\/wp\/v2\/pages\/7638\/revisions"}],"predecessor-version":[{"id":8214,"href":"https:\/\/cubiertasmyc.cl\/sitio\/wp-json\/wp\/v2\/pages\/7638\/revisions\/8214"}],"wp:featuredmedia":[{"embeddable":true,"href":"https:\/\/cubiertasmyc.cl\/sitio\/wp-json\/wp\/v2\/media\/7662"}],"wp:attachment":[{"href":"https:\/\/cubiertasmyc.cl\/sitio\/wp-json\/wp\/v2\/media?parent=7638"}],"curies":[{"name":"wp","href":"https:\/\/api.w.org\/{rel}","templated":true}]}}