{"id":3695,"date":"2017-07-03T07:55:44","date_gmt":"2017-07-03T07:55:44","guid":{"rendered":"https:\/\/cubiertasmyc.cl\/sitio\/?page_id=3695"},"modified":"2025-10-03T15:00:57","modified_gmt":"2025-10-03T18:00:57","slug":"empresa","status":"publish","type":"page","link":"https:\/\/cubiertasmyc.cl\/sitio\/empresa\/","title":{"rendered":"Empresa"},"content":{"rendered":"<div class=\"wpb-content-wrapper\"><p>[vc_row full_width=\u00bbstretch_row_content_no_spaces\u00bb lg_spacing=\u00bbmargin_bottom:115&#8243; sm_spacing=\u00bbmargin_bottom:93&#8243;][vc_column width=\u00bb1\/2&#8243; sticky=\u00bb1&#8243; lg_spacing=\u00bbpadding_right:35&#8243; sm_spacing=\u00bbpadding_right:0&#8243;][vc_single_image image=\u00bb7608&#8243; img_size=\u00bbfull\u00bb][\/vc_column][vc_column width=\u00bb1\/2&#8243; lg_spacing=\u00bbpadding_top:155;padding_right:15;padding_left:15&#8243; sm_spacing=\u00bbpadding_top:85;padding_right:30;padding_left:30&#8243; md_spacing=\u00bbpadding_top:105&#8243;][vc_row_inner max_width=\u00bb570px\u00bb][vc_column_inner][tm_heading style=\u00bbhighlight-text\u00bb custom_google_font=\u00bb\u00bb font_weight=\u00bb500&#8243; text=\u00bbBienvenido a\u00bb font_size=\u00bbsm:34;md:42;lg:50&#8243; letter_spacing=\u00bb0&#8243; line_height=\u00bb1.2&#8243;][vc_single_image image=\u00bb7614&#8243; img_size=\u00bbfull\u00bb][tm_spacer size=\u00bblg:83&#8243;][tm_heading custom_google_font=\u00bb\u00bb font_weight=\u00bb600&#8243; text=\u00bbNUESTRA EMPRESA\u00bb font_size=\u00bblg:14&#8243; letter_spacing=\u00bb0.1em\u00bb line_height=\u00bb1.2&#8243;][tm_spacer size=\u00bblg:45&#8243;][tm_heading tag=\u00bbdiv\u00bb custom_google_font=\u00bb\u00bb text=\u00bbCubiertas MyC Fabricantes Planchas de Zinc prepintadas y comercializaci\u00f3n de cubiertas de todo tipo, tales como Fibra de Vidrio, Policarbonato y Paneles Aislantes. para uso industrial y vivienda.<\/p>\n<p>Ofrecemos soluciones a trav\u00e9s de cubiertas dimensionadas en largos est\u00e1ndar y variables para distintos usos, tales como, techumbre, bodegas para viviendas, cierres perimetrales y galpones entre otros, adem\u00e1s de todos sus accesorios para su correcta manipulaci\u00f3n e instalaci\u00f3n.<\/p>\n<p>Nuestro compromiso es ofrecer a nuestros clientes una atenci\u00f3n eficiente con tiempo de entrega oportunos en la m\u00e1s amplia gama de productos posible en la industria de cubiertas a precios competitivos con una excelente relaci\u00f3n precio\/calidad.<\/p>\n<p>Complementariamente, incluimos variables dise\u00f1os de hojalater\u00eda, tales como: Caballetes, Cumbreras, Canales de agua lluvia, Esquineros, Bajadas de agua, Tapacanes y Limahoyas, mejorando y brindando valor adicional con un mejor atractivo a su construcci\u00f3n.\u00bb][tm_spacer size=\u00bblg:45&#8243;][vc_column_text]<a href=\"https:\/\/www.facebook.com\/CUBIERTAMYC\" target=\"_blank\" rel=\"noopener\"><img loading=\"lazy\" decoding=\"async\" class=\"alignleft wp-image-7622 size-full lazyload\" data-src=\"https:\/\/cubiertasmyc.cl\/sitio\/wp-content\/uploads\/2024\/07\/fbok-copia-2.jpg\" alt=\"\" width=\"33\" height=\"27\" src=\"data:image\/gif;base64,R0lGODlhAQABAAAAACH5BAEKAAEALAAAAAABAAEAAAICTAEAOw==\" style=\"--smush-placeholder-width: 33px; --smush-placeholder-aspect-ratio: 33\/27;\" \/><noscript><img loading=\"lazy\" decoding=\"async\" class=\"alignleft wp-image-7622 size-full\" src=\"https:\/\/cubiertasmyc.cl\/sitio\/wp-content\/uploads\/2024\/07\/fbok-copia-2.jpg\" alt=\"\" width=\"33\" height=\"27\" \/><\/noscript><\/a><a href=\"https:\/\/www.instagram.com\/cubiertas_myc\/\" target=\"_blank\" rel=\"noopener\"><img loading=\"lazy\" decoding=\"async\" class=\"alignleft wp-image-7618 size-full lazyload\" data-src=\"https:\/\/cubiertasmyc.cl\/sitio\/wp-content\/uploads\/2024\/07\/igok-copia.jpg\" alt=\"\" width=\"33\" height=\"27\" src=\"data:image\/gif;base64,R0lGODlhAQABAAAAACH5BAEKAAEALAAAAAABAAEAAAICTAEAOw==\" style=\"--smush-placeholder-width: 33px; --smush-placeholder-aspect-ratio: 33\/27;\" \/><noscript><img loading=\"lazy\" decoding=\"async\" class=\"alignleft wp-image-7618 size-full\" src=\"https:\/\/cubiertasmyc.cl\/sitio\/wp-content\/uploads\/2024\/07\/igok-copia.jpg\" alt=\"\" width=\"33\" height=\"27\" \/><\/noscript><\/a><a href=\"https:\/\/www.youtube.com\/@CUBIERTASMYC\" target=\"_blank\" rel=\"noopener\"><img loading=\"lazy\" decoding=\"async\" class=\"alignleft wp-image-7619 size-full lazyload\" data-src=\"https:\/\/cubiertasmyc.cl\/sitio\/wp-content\/uploads\/2024\/07\/ytok-copia.jpg\" alt=\"\" width=\"33\" height=\"27\" src=\"data:image\/gif;base64,R0lGODlhAQABAAAAACH5BAEKAAEALAAAAAABAAEAAAICTAEAOw==\" style=\"--smush-placeholder-width: 33px; --smush-placeholder-aspect-ratio: 33\/27;\" \/><noscript><img loading=\"lazy\" decoding=\"async\" class=\"alignleft wp-image-7619 size-full\" src=\"https:\/\/cubiertasmyc.cl\/sitio\/wp-content\/uploads\/2024\/07\/ytok-copia.jpg\" alt=\"\" width=\"33\" height=\"27\" \/><\/noscript><\/a><a href=\"https:\/\/www.tiktok.com\/@cubiertas.myc\" target=\"_blank\" rel=\"noopener\"><img loading=\"lazy\" decoding=\"async\" class=\"alignleft wp-image-7620 size-full lazyload\" data-src=\"https:\/\/cubiertasmyc.cl\/sitio\/wp-content\/uploads\/2024\/07\/iconotik-copia.jpg\" alt=\"\" width=\"33\" height=\"27\" src=\"data:image\/gif;base64,R0lGODlhAQABAAAAACH5BAEKAAEALAAAAAABAAEAAAICTAEAOw==\" style=\"--smush-placeholder-width: 33px; --smush-placeholder-aspect-ratio: 33\/27;\" \/><noscript><img loading=\"lazy\" decoding=\"async\" class=\"alignleft wp-image-7620 size-full\" src=\"https:\/\/cubiertasmyc.cl\/sitio\/wp-content\/uploads\/2024\/07\/iconotik-copia.jpg\" alt=\"\" width=\"33\" height=\"27\" \/><\/noscript><\/a>[\/vc_column_text][\/vc_column_inner][\/vc_row_inner][\/vc_column][\/vc_row][vc_row full_width=\u00bbstretch_row\u00bb content_placement=\u00bbmiddle\u00bb background_color=\u00bbprimary\u00bb overlay_background=\u00bbprimary\u00bb overlay_opacity=\u00bb80&#8243; lg_spacing=\u00bbpadding_top:72;padding_bottom:72&#8243;][vc_column width=\u00bb1\/2&#8243;][vc_single_image image=\u00bb7891&#8243; img_size=\u00bbfull\u00bb alignment=\u00bbcenter\u00bb][tm_heading tag=\u00bbh4&#8243; custom_google_font=\u00bb\u00bb align=\u00bbcenter\u00bb sm_align=\u00bbcenter\u00bb text_color=\u00bbcustom\u00bb custom_text_color=\u00bb#e0e0e0&#8243; animation=\u00bbmove-right\u00bb text=\u00bbComprometidos con tus Proyectos.\u00bb font_size=\u00bbsm:28;md:34;lg:30&#8243; line_height=\u00bb1.2&#8243; xs_spacing=\u00bbmargin_bottom:30&#8243;][tm_spacer size=\u00bblg:45&#8243;][vc_raw_html]JTNDaWZyYW1lJTIwd2lkdGglM0QlMjI1NjAlMjIlMjBoZWlnaHQlM0QlMjIzMTUlMjIlMjBzcmMlM0QlMjJodHRwcyUzQSUyRiUyRnd3dy55b3V0dWJlLmNvbSUyRmVtYmVkJTJGMGlpeFRwbHprZVUlM0ZzaSUzRDloekhiTm9MdHpqSzdFR0IlMjIlMjB0aXRsZSUzRCUyMllvdVR1YmUlMjB2aWRlbyUyMHBsYXllciUyMiUyMGZyYW1lYm9yZGVyJTNEJTIyMCUyMiUyMGFsbG93JTNEJTIyYWNjZWxlcm9tZXRlciUzQiUyMGF1dG9wbGF5JTNCJTIwY2xpcGJvYXJkLXdyaXRlJTNCJTIwZW5jcnlwdGVkLW1lZGlhJTNCJTIwZ3lyb3Njb3BlJTNCJTIwcGljdHVyZS1pbi1waWN0dXJlJTNCJTIwd2ViLXNoYXJlJTIyJTIwcmVmZXJyZXJwb2xpY3klM0QlMjJzdHJpY3Qtb3JpZ2luLXdoZW4tY3Jvc3Mtb3JpZ2luJTIyJTIwYWxsb3dmdWxsc2NyZWVuJTNFJTNDJTJGaWZyYW1lJTNF[\/vc_raw_html][\/vc_column][vc_column width=\u00bb1\/2&#8243;][tm_heading custom_google_font=\u00bb\u00bb sm_align=\u00bbcenter\u00bb text_color=\u00bbcustom\u00bb custom_text_color=\u00bb#ffffff\u00bb animation=\u00bbmove-right\u00bb text=\u00bbConoce todos los detalles de nuestros productos\u00bb font_size=\u00bbsm:28;md:34;lg:40&#8243; line_height=\u00bb1.2&#8243; xs_spacing=\u00bbmargin_bottom:30&#8243;][tm_spacer size=\u00bblg:45&#8243;][tm_button style=\u00bboutline\u00bb size=\u00bbcustom\u00bb button=\u00bburl:https%3A%2F%2Fcubiertasmyc.cl%2Fsitio%2Fubicacionycontacto%2F|title:Cotiza%20con%20nosotros\u00bb sm_align=\u00bbcenter\u00bb animation=\u00bbmove-left\u00bb color=\u00bbcustom\u00bb button_bg_color=\u00bb\u00bb font_color=\u00bbcustom\u00bb button_border_color=\u00bbcustom\u00bb button_bg_color_hover=\u00bbcustom\u00bb font_color_hover=\u00bbcustom\u00bb button_border_color_hover=\u00bb\u00bb custom_font_color=\u00bb#ffffff\u00bb custom_button_border_color=\u00bb#45deb0&#8243; custom_button_bg_color_hover=\u00bb#45deb0&#8243; width=\u00bb190&#8243; custom_font_color_hover=\u00bb#ffffff\u00bb][\/vc_column][\/vc_row][vc_row full_width=\u00bbstretch_row\u00bb background_color=\u00bbcustom\u00bb custom_background_color=\u00bb#222222&#8243;][vc_column][tm_spacer size=\u00bbxs:30;sm:30;md:30;lg:40&#8243;][\/vc_column][\/vc_row][vc_row full_width=\u00bbstretch_row\u00bb background_color=\u00bbcustom\u00bb custom_background_color=\u00bb#222222&#8243;][vc_column width=\u00bb1\/3&#8243;][vc_single_image image=\u00bb6581&#8243; img_size=\u00bbfull\u00bb][vc_column_text]<span style=\"color: #ffffff;\"><strong>Sucursal Coronel:<\/strong><\/span><\/p>\n<p><span style=\"color: #ffffff;\"><strong>Ruta 160 Km. 19 Coronel<\/strong><\/span><\/p>\n<div id=\"rb_email_widget-4\" class=\"widget right widget_rb_email_widget\"><span style=\"color: #ffffff;\"><a style=\"color: #ffffff;\" href=\"mailto:%20ventascoronel@cubiertasmyc.cl\">ventascoronel@cubiertasmyc.cl<\/a><\/span><\/div>\n<div>\n<div id=\"custom_html-11\" class=\"widget_text widget right widget_custom_html\">\n<div class=\"textwidget custom-html-widget\"><span style=\"color: #ffffff;\"><a style=\"color: #ffffff;\" href=\"tel:41383 9668\">Tel\u00e9fono:\u00a0 (41) 383 9668<\/a><\/span><\/div>\n<\/div>\n<div><span style=\"color: #ffffff;\"><a style=\"color: #ffffff;\" href=\"https:\/\/api.whatsapp.com\/send?phone=56945629841\">+56 9 4562 9841<\/a><\/span><\/div>\n<\/div>\n<hr \/>\n<p><span style=\"color: #ffffff;\"><strong>Sucursal Los \u00c1ngeles:<\/strong><\/span><\/p>\n<p><span style=\"color: #ffffff;\"><strong>Av. Gabriela Mistral 1255, bodega 62, <\/strong><strong>Sector Alzar. Los \u00c1ngeles<\/strong><\/span><\/p>\n<p><span style=\"color: #ffffff;\"><a style=\"color: #ffffff;\" href=\"mailto:ventaslosangeles@cubiertasmyc.cl\">ventaslosangeles@cubiertasmyc.cl<\/a><\/span><br \/>\n<span style=\"color: #ffffff;\"><a style=\"color: #ffffff;\" href=\"https:\/\/api.whatsapp.com\/send?phone=56994172251\">+569 9417 2251<\/a><\/span><\/p>\n<hr \/>\n<p><span style=\"color: #ffffff;\"><strong>Sucursal Chill\u00e1n:<\/strong><\/span><\/p>\n<p><span style=\"color: #ffffff;\"><strong>Huambali 140, Chill\u00e1n<\/strong><\/span><\/p>\n<p><span style=\"color: #ffffff;\"><a style=\"color: #ffffff;\" href=\"mailto:ventaschillan@cubiertasmyc.cl\">ventaschillan@cubiertasmyc.cl<\/a><\/span><br \/>\n<a href=\"https:\/\/api.whatsapp.com\/send?phone=56953096723\"><span style=\"color: #ffffff;\">+56 9 5309 6723<\/span><\/a>[\/vc_column_text][tm_spacer size=\u00bbxs:30;lg:30&#8243;][\/vc_column][vc_column width=\u00bb1\/3&#8243;][vc_column_text]<span style=\"color: #ffffff;\"><strong>Navegaci\u00f3n:<\/strong><\/span>[\/vc_column_text][vc_wp_custommenu nav_menu=\u00bb66&#8243;][tm_spacer size=\u00bbxs:30;lg:30&#8243;][\/vc_column][vc_column width=\u00bb1\/3&#8243;][vc_column_text]<span style=\"color: #ffffff;\"><strong>S\u00edguenos:<\/strong><\/span>[\/vc_column_text][tm_spacer size=\u00bbxs:30;lg:30&#8243;][vc_row_inner][vc_column_inner width=\u00bb2\/3&#8243;][vc_column_text]<a href=\"https:\/\/www.facebook.com\/CUBIERTAMYC\" target=\"_blank\" rel=\"noopener\"><img loading=\"lazy\" decoding=\"async\" class=\"alignleft wp-image-7527 size-full lazyload\" data-src=\"https:\/\/cubiertasmyc.cl\/sitio\/wp-content\/uploads\/2024\/07\/fbok.jpg\" alt=\"\" width=\"33\" height=\"27\" src=\"data:image\/gif;base64,R0lGODlhAQABAAAAACH5BAEKAAEALAAAAAABAAEAAAICTAEAOw==\" style=\"--smush-placeholder-width: 33px; --smush-placeholder-aspect-ratio: 33\/27;\" \/><noscript><img loading=\"lazy\" decoding=\"async\" class=\"alignleft wp-image-7527 size-full\" src=\"https:\/\/cubiertasmyc.cl\/sitio\/wp-content\/uploads\/2024\/07\/fbok.jpg\" alt=\"\" width=\"33\" height=\"27\" \/><\/noscript><\/a><a href=\"https:\/\/www.instagram.com\/cubiertas_myc\/\" target=\"_blank\" rel=\"noopener\"><img loading=\"lazy\" decoding=\"async\" class=\"alignleft wp-image-7528 size-full lazyload\" data-src=\"https:\/\/cubiertasmyc.cl\/sitio\/wp-content\/uploads\/2024\/07\/igok.jpg\" alt=\"\" width=\"33\" height=\"27\" src=\"data:image\/gif;base64,R0lGODlhAQABAAAAACH5BAEKAAEALAAAAAABAAEAAAICTAEAOw==\" style=\"--smush-placeholder-width: 33px; --smush-placeholder-aspect-ratio: 33\/27;\" \/><noscript><img loading=\"lazy\" decoding=\"async\" class=\"alignleft wp-image-7528 size-full\" src=\"https:\/\/cubiertasmyc.cl\/sitio\/wp-content\/uploads\/2024\/07\/igok.jpg\" alt=\"\" width=\"33\" height=\"27\" \/><\/noscript><\/a><a href=\"https:\/\/www.youtube.com\/@CUBIERTASMYC\" target=\"_blank\" rel=\"noopener\"><img loading=\"lazy\" decoding=\"async\" class=\"alignleft wp-image-7529 size-full lazyload\" data-src=\"https:\/\/cubiertasmyc.cl\/sitio\/wp-content\/uploads\/2024\/07\/ytok.jpg\" alt=\"\" width=\"33\" height=\"27\" src=\"data:image\/gif;base64,R0lGODlhAQABAAAAACH5BAEKAAEALAAAAAABAAEAAAICTAEAOw==\" style=\"--smush-placeholder-width: 33px; --smush-placeholder-aspect-ratio: 33\/27;\" \/><noscript><img loading=\"lazy\" decoding=\"async\" class=\"alignleft wp-image-7529 size-full\" src=\"https:\/\/cubiertasmyc.cl\/sitio\/wp-content\/uploads\/2024\/07\/ytok.jpg\" alt=\"\" width=\"33\" height=\"27\" \/><\/noscript><\/a><a href=\"https:\/\/www.tiktok.com\/@cubiertas.myc\" target=\"_blank\" rel=\"noopener\"><img loading=\"lazy\" decoding=\"async\" class=\"alignleft wp-image-7530 size-full lazyload\" data-src=\"https:\/\/cubiertasmyc.cl\/sitio\/wp-content\/uploads\/2024\/07\/ttok.jpg\" alt=\"\" width=\"33\" height=\"27\" src=\"data:image\/gif;base64,R0lGODlhAQABAAAAACH5BAEKAAEALAAAAAABAAEAAAICTAEAOw==\" style=\"--smush-placeholder-width: 33px; --smush-placeholder-aspect-ratio: 33\/27;\" \/><noscript><img loading=\"lazy\" decoding=\"async\" class=\"alignleft wp-image-7530 size-full\" src=\"https:\/\/cubiertasmyc.cl\/sitio\/wp-content\/uploads\/2024\/07\/ttok.jpg\" alt=\"\" width=\"33\" height=\"27\" \/><\/noscript><\/a>[\/vc_column_text][\/vc_column_inner][vc_column_inner width=\u00bb1\/3&#8243;][\/vc_column_inner][\/vc_row_inner][\/vc_column][\/vc_row][vc_row full_width=\u00bbstretch_row\u00bb background_color=\u00bbcustom\u00bb custom_background_color=\u00bb#141414&#8243;][vc_column][tm_spacer size=\u00bbxs:40;sm:40;md:40;lg:40&#8243;][vc_column_text]<\/p>\n<p style=\"text-align: center;\"><span style=\"color: #ffffff;\"><strong>Cubiertas MyC &#8211; 2024<\/strong><\/span><\/p>\n<p>[\/vc_column_text][tm_spacer size=\u00bbxs:40;sm:40;md:40;lg:40&#8243;][\/vc_column][\/vc_row]<\/p>\n<\/div>","protected":false},"excerpt":{"rendered":"[vc_row full_width=\u00bbstretch_row_content_no_spaces\u00bb lg_spacing=\u00bbmargin_bottom:115&#8243; sm_spacing=\u00bbmargin_bottom:93&#8243;][vc_column width=\u00bb1\/2&#8243; sticky=\u00bb1&#8243; lg_spacing=\u00bbpadding_right:35&#8243; sm_spacing=\u00bbpadding_right:0&#8243;][vc_single_image image=\u00bb7608&#8243; img_size=\u00bbfull\u00bb][\/vc_column][vc_column width=\u00bb1\/2&#8243; lg_spacing=\u00bbpadding_top:155;padding_right:15;padding_left:15&#8243; sm_spacing=\u00bbpadding_top:85;padding_right:30;padding_left:30&#8243; md_spacing=\u00bbpadding_top:105&#8243;][vc_row_inner max_width=\u00bb570px\u00bb][vc_column_inner][tm_heading style=\u00bbhighlight-text\u00bb custom_google_font=\u00bb\u00bb font_weight=\u00bb500&#8243; text=\u00bbBienvenido a\u00bb font_size=\u00bbsm:34;md:42;lg:50&#8243; letter_spacing=\u00bb0&#8243; line_height=\u00bb1.2&#8243;][vc_single_image image=\u00bb7614&#8243; img_size=\u00bbfull\u00bb][tm_spacer size=\u00bblg:83&#8243;][tm_heading custom_google_font=\u00bb\u00bb font_weight=\u00bb600&#8243; text=\u00bbNUESTRA EMPRESA\u00bb font_size=\u00bblg:14&#8243; letter_spacing=\u00bb0.1em\u00bb line_height=\u00bb1.2&#8243;][tm_spacer size=\u00bblg:45&#8243;][tm_heading tag=\u00bbdiv\u00bb custom_google_font=\u00bb\u00bb text=\u00bbCubiertas MyC Fabricantes Planchas de Zinc prepintadas y comercializaci\u00f3n de cubiertas de todo tipo, tales como Fibra de Vidrio, Policarbonato y Paneles Aislantes. para uso industrial y vivienda. Ofrecemos soluciones a trav\u00e9s de cubiertas dimensionadas en largos est\u00e1ndar y variables para distintos usos, tales como, techumbre, bodegas para viviendas, cierres perimetrales y galpones entre otros, adem\u00e1s de todos sus accesorios para su correcta manipulaci\u00f3n e instalaci\u00f3n. Nuestro compromiso es ofrecer a nuestros clientes una atenci\u00f3n eficiente con tiempo de entrega oportunos en la m\u00e1s amplia gama de productos posible en la industria de cubiertas a precios competitivos con una excelente relaci\u00f3n precio\/calidad. Complementariamente, incluimos variables dise\u00f1os de hojalater\u00eda, tales como: Caballetes, Cumbreras, Canales de agua lluvia, Esquineros, Bajadas de agua, Tapacanes y Limahoyas, mejorando y brindando valor adicional con un mejor atractivo a su construcci\u00f3n.\u00bb][tm_spacer size=\u00bblg:45&#8243;][vc_column_text][\/vc_column_text][\/vc_column_inner][\/vc_row_inner][\/vc_column][\/vc_row][vc_row full_width=\u00bbstretch_row\u00bb content_placement=\u00bbmiddle\u00bb background_color=\u00bbprimary\u00bb overlay_background=\u00bbprimary\u00bb overlay_opacity=\u00bb80&#8243; lg_spacing=\u00bbpadding_top:72;padding_bottom:72&#8243;][vc_column width=\u00bb1\/2&#8243;][vc_single_image image=\u00bb7891&#8243; img_size=\u00bbfull\u00bb alignment=\u00bbcenter\u00bb][tm_heading tag=\u00bbh4&#8243; custom_google_font=\u00bb\u00bb align=\u00bbcenter\u00bb sm_align=\u00bbcenter\u00bb text_color=\u00bbcustom\u00bb custom_text_color=\u00bb#e0e0e0&#8243; animation=\u00bbmove-right\u00bb text=\u00bbComprometidos con tus Proyectos.\u00bb font_size=\u00bbsm:28;md:34;lg:30&#8243; line_height=\u00bb1.2&#8243; xs_spacing=\u00bbmargin_bottom:30&#8243;][tm_spacer size=\u00bblg:45&#8243;][vc_raw_html]JTNDaWZyYW1lJTIwd2lkdGglM0QlMjI1NjAlMjIlMjBoZWlnaHQlM0QlMjIzMTUlMjIlMjBzcmMlM0QlMjJodHRwcyUzQSUyRiUyRnd3dy55b3V0dWJlLmNvbSUyRmVtYmVkJTJGMGlpeFRwbHprZVUlM0ZzaSUzRDloekhiTm9MdHpqSzdFR0IlMjIlMjB0aXRsZSUzRCUyMllvdVR1YmUlMjB2aWRlbyUyMHBsYXllciUyMiUyMGZyYW1lYm9yZGVyJTNEJTIyMCUyMiUyMGFsbG93JTNEJTIyYWNjZWxlcm9tZXRlciUzQiUyMGF1dG9wbGF5JTNCJTIwY2xpcGJvYXJkLXdyaXRlJTNCJTIwZW5jcnlwdGVkLW1lZGlhJTNCJTIwZ3lyb3Njb3BlJTNCJTIwcGljdHVyZS1pbi1waWN0dXJlJTNCJTIwd2ViLXNoYXJlJTIyJTIwcmVmZXJyZXJwb2xpY3klM0QlMjJzdHJpY3Qtb3JpZ2luLXdoZW4tY3Jvc3Mtb3JpZ2luJTIyJTIwYWxsb3dmdWxsc2NyZWVuJTNFJTNDJTJGaWZyYW1lJTNF[\/vc_raw_html][\/vc_column][vc_column width=\u00bb1\/2&#8243;][tm_heading custom_google_font=\u00bb\u00bb sm_align=\u00bbcenter\u00bb text_color=\u00bbcustom\u00bb custom_text_color=\u00bb#ffffff\u00bb animation=\u00bbmove-right\u00bb text=\u00bbConoce todos los detalles de nuestros productos\u00bb font_size=\u00bbsm:28;md:34;lg:40&#8243; line_height=\u00bb1.2&#8243; xs_spacing=\u00bbmargin_bottom:30&#8243;][tm_spacer size=\u00bblg:45&#8243;][tm_button style=\u00bboutline\u00bb size=\u00bbcustom\u00bb button=\u00bburl:https%3A%2F%2Fcubiertasmyc.cl%2Fsitio%2Fubicacionycontacto%2F|title:Cotiza%20con%20nosotros\u00bb sm_align=\u00bbcenter\u00bb animation=\u00bbmove-left\u00bb color=\u00bbcustom\u00bb button_bg_color=\u00bb\u00bb font_color=\u00bbcustom\u00bb button_border_color=\u00bbcustom\u00bb button_bg_color_hover=\u00bbcustom\u00bb font_color_hover=\u00bbcustom\u00bb button_border_color_hover=\u00bb\u00bb custom_font_color=\u00bb#ffffff\u00bb custom_button_border_color=\u00bb#45deb0&#8243; custom_button_bg_color_hover=\u00bb#45deb0&#8243; width=\u00bb190&#8243; custom_font_color_hover=\u00bb#ffffff\u00bb][\/vc_column][\/vc_row][vc_row full_width=\u00bbstretch_row\u00bb background_color=\u00bbcustom\u00bb custom_background_color=\u00bb#222222&#8243;][vc_column][tm_spacer size=\u00bbxs:30;sm:30;md:30;lg:40&#8243;][\/vc_column][\/vc_row][vc_row full_width=\u00bbstretch_row\u00bb background_color=\u00bbcustom\u00bb custom_background_color=\u00bb#222222&#8243;][vc_column width=\u00bb1\/3&#8243;][vc_single_image image=\u00bb6581&#8243; img_size=\u00bbfull\u00bb][vc_column_text]Sucursal Coronel: Ruta 160 Km. 19 Coronel ventascoronel@cubiertasmyc.cl Tel\u00e9fono:\u00a0 (41) 383 9668 +56 9 4562 9841 Sucursal Los \u00c1ngeles: Av. Gabriela Mistral 1255, bodega 62, Sector Alzar. Los \u00c1ngeles ventaslosangeles@cubiertasmyc.cl +569 9417 2251 Sucursal Chill\u00e1n: Huambali 140, Chill\u00e1n ventaschillan@cubiertasmyc.cl +56 9 5309 6723[\/vc_column_text][tm_spacer size=\u00bbxs:30;lg:30&#8243;][\/vc_column][vc_column width=\u00bb1\/3&#8243;][vc_column_text]Navegaci\u00f3n:[\/vc_column_text][vc_wp_custommenu nav_menu=\u00bb66&#8243;][tm_spacer size=\u00bbxs:30;lg:30&#8243;][\/vc_column][vc_column width=\u00bb1\/3&#8243;][vc_column_text]S\u00edguenos:[\/vc_column_text][tm_spacer size=\u00bbxs:30;lg:30&#8243;][vc_row_inner][vc_column_inner width=\u00bb2\/3&#8243;][vc_column_text][\/vc_column_text][\/vc_column_inner][vc_column_inner width=\u00bb1\/3&#8243;][\/vc_column_inner][\/vc_row_inner][\/vc_column][\/vc_row][vc_row full_width=\u00bbstretch_row\u00bb background_color=\u00bbcustom\u00bb custom_background_color=\u00bb#141414&#8243;][vc_column][tm_spacer size=\u00bbxs:40;sm:40;md:40;lg:40&#8243;][vc_column_text] Cubiertas MyC &#8211; 2024 [\/vc_column_text][tm_spacer size=\u00bbxs:40;sm:40;md:40;lg:40&#8243;][\/vc_column][\/vc_row]","protected":false},"author":1,"featured_media":0,"parent":0,"menu_order":0,"comment_status":"closed","ping_status":"closed","template":"","meta":{"footnotes":""},"class_list":["post-3695","page","type-page","status-publish","hentry"],"aioseo_notices":[],"_links":{"self":[{"href":"https:\/\/cubiertasmyc.cl\/sitio\/wp-json\/wp\/v2\/pages\/3695","targetHints":{"allow":["GET"]}}],"collection":[{"href":"https:\/\/cubiertasmyc.cl\/sitio\/wp-json\/wp\/v2\/pages"}],"about":[{"href":"https:\/\/cubiertasmyc.cl\/sitio\/wp-json\/wp\/v2\/types\/page"}],"author":[{"embeddable":true,"href":"https:\/\/cubiertasmyc.cl\/sitio\/wp-json\/wp\/v2\/users\/1"}],"replies":[{"embeddable":true,"href":"https:\/\/cubiertasmyc.cl\/sitio\/wp-json\/wp\/v2\/comments?post=3695"}],"version-history":[{"count":60,"href":"https:\/\/cubiertasmyc.cl\/sitio\/wp-json\/wp\/v2\/pages\/3695\/revisions"}],"predecessor-version":[{"id":8505,"href":"https:\/\/cubiertasmyc.cl\/sitio\/wp-json\/wp\/v2\/pages\/3695\/revisions\/8505"}],"wp:attachment":[{"href":"https:\/\/cubiertasmyc.cl\/sitio\/wp-json\/wp\/v2\/media?parent=3695"}],"curies":[{"name":"wp","href":"https:\/\/api.w.org\/{rel}","templated":true}]}}